Let v = b + s. What are the prime factors of v?
2
Suppose 2*x - 39 = -z, -5*z = 3*x - 306 + 76. Suppose -3*o = -4*o + 2*p - 46, 3*p = 9. Let v = z + o. List the prime factors of v.
3
Suppose 0 = 29*h - 363997 - 185031. List the prime factors of h.
2, 4733
Suppose 4*c - 2*c = 98. Let q = 45 - -97. Let g = q - c. List the prime factors of g.
3, 31
Let c(j) = j**2 + 3*j - 14. Let p(h) = -6 - 1 + 11 - 3. Let b(r) = c(r) + 3*p(r). What are the prime factors of b(-11)?
7, 11
Suppose 0 = -3*i + 332 + 496. Suppose -i = -60*c + 54*c. What are the prime factors of c?
2, 23
Let k(d) = -3067*d**3 + 2*d**2 + 5*d + 12. List the prime factors of k(-2).
2, 3, 4091
Let z(g) = -2*g**3 - 29*g**2 - 68*g + 48. Let i be z(-29). Suppose -25*y + 8941 = -i. List the prime factors of y.
2, 7, 101
Suppose -18 = -0*m - 2*m. Let y(f) = f**3 - 10*f**2 + 21*f - 71. What are the prime factors of y(m)?
37
What are the prime factors of 90/(-8)*399/(-171)*5728/14?
2, 3, 5, 179
Suppose 0 = 20*v - 16*v - 12. Suppose -4*q + z = -46 - 175, 0 = -v*q - 3*z + 162. Let r = 99 - q. What are the prime factors of r?
2, 11
Let x be -2*(4 + -1 + -2). Let p be (0/x)/(3/3). Suppose p = 5*y + 95 - 470. List the prime factors of y.
3, 5
Suppose 0 = -15*o + 12*o, 3*r = -3*o + 1050. Let y = r + -217. What are the prime factors of y?
7, 19
Let o(d) = 24*d + 71. Let l be o(0). Suppose 0 = l*z - 76*z + 6875. List the prime factors of z.
5, 11
Suppose 26*x + 7801 = -5511. Let t = -133 - x. List the prime factors of t.
379
Suppose -i - 1 = -2*y, 5*i + 2*y - 25 = -3*y. Let s = -7239 - -8186. Suppose -4*g - i*p = -s, g - 241 = -4*p - p. What are the prime factors of g?
2, 59
Suppose 3985 = 5*w + v - 2163, -2*w + 2449 = -3*v. What are the prime factors of w?
1229
Let f(t) = -287*t - 857. Let s be f(-3). Let r(o) = -o + 1. Let w be r(-4). Suppose -s*b - 4*h + 7*h + 94 = 0, -b - w*h = -35. List the prime factors of b.
5
List the prime factors of 16666/4 + 12*(-2)/16.
5, 7, 17
Suppose 3*t - 78 = 3*u, -3*u = 3*t - 4*u - 78. Let d be 292 - (0 + 2 - 0). Suppose -t*p + 31*p = d. What are the prime factors of p?
2, 29
Let r be (9/(-6))/(1/188*-6). Let j = -42 + r. Suppose 0 = -j*c + 19 + 6, -3*c + 455 = 4*b. List the prime factors of b.
2, 5, 11
Let g(c) = 1854*c**2 + 39*c - 208. What are the prime factors of g(4)?
2, 11, 673
Suppose 29*k - 190 + 45 = 0. Suppose -44 = -a - k*h + 6*h, -3*a + h = -124. List the prime factors of a.
2, 5
Suppose f = -2, 4*a + 3*f = -a + 163999. List the prime factors of a.
32801
Suppose -11082 = -5*m + 3*y, -38*y + 39*y + 8867 = 4*m. What are the prime factors of m?
3, 739
Suppose 2*y + 60 = -0*y. Suppose 0*u = -9*u - 936. Let a = y - u. What are the prime factors of a?
2, 37
Suppose -2*p = -4*k + 6*k - 12446, 3*p - 3*k = 18651. List the prime factors of p.
2, 5, 311
Suppose 92304 = -327*t + 362*t - 254616. List the prime factors of t.
2, 3, 7, 59
Suppose -5*x = 82 - 197. Suppose x*m - 21120 = -m. What are the prime factors of m?
2, 5, 11
Let l = 36 - 38. What are the prime factors of (-1500)/l - -3*(-10)/(-6)?
5, 151
List the prime factors of 6 - ((-18)/3 + -9177 + 3).
2, 3, 1531
Let d(o) = o + 2. Let x be d(1). Suppose -x*b = 2*b - 4*q - 28, 8 = -4*q. Suppose 2*g = j - 127, -2*g - 2*g + 556 = b*j. What are the prime factors of j?
3, 5
List the prime factors of (3390047/(-438))/(5 - (-93)/(-18)).
46439
Suppose -32*g - 1601 = 831. Suppose -3*i + 7*q = 3*q - 408, 5*q - 295 = -2*i. Let o = g + i. List the prime factors of o.
2
Let p = 17 - 12. Let s(g) = 30*g - 20. Let o be s(p). Let c = o + -36. What are the prime factors of c?
2, 47
Let w be 26/8*(9 + -5 - 68). Let l = w + 329. List the prime factors of l.
11
Suppose -4*q = 2*v - 324, -2*v - 243 = 3*q - 6*q. Suppose 3*a = 108 + q. Let o = 242 - a. What are the prime factors of o?
179
Let w(x) = 4*x - 54. Suppose -3*y + 4*r + r + 64 = 0, -5*y = 4*r - 45. Let z be w(y). What are the prime factors of (13 - 14)/(z/1036*2)?
7, 37
Let k(d) = 88*d**2 - 21*d - 3. Let r be k(-5). Suppose -2*x - 136 = -r. List the prime factors of x.
3, 19
Suppose -12*r = -13*r. Suppose r = 61*b - 64*b. Suppose b*j + 4*j - 308 = 0. What are the prime factors of j?
7, 11
Let x be (204/14)/((-72)/252). Let i = 12 - 3. List the prime factors of x/(-2)*6/i.
17
Let h(o) = 5*o - 104. Let x be h(20). What are the prime factors of -1 - (-4 + -90) - (x - -4)?
3, 31
Let w(b) = 3529*b - 2562. List the prime factors of w(5).
15083
Suppose 2*v = 2*s - 14498, -43*v - 36233 = -5*s - 41*v. List the prime factors of s.
3, 5, 7, 23
Suppose 9*h = -5*n + 25685, 4*h - 52*n - 11379 = -49*n. What are the prime factors of h?
2, 3, 5, 19
Suppose 24*p = 12*p - 456. Let i = 81 + p. What are the prime factors of i?
43
Suppose -22*j = 519704 - 1874200. What are the prime factors of j?
2, 13, 37
Let r be 4/2 + -4 + 4. Suppose b - 1471 = -3*z - 189, -r*z + 3867 = 3*b. Suppose -2*l - b = -5*y, 0 = -y + 4*y + 4*l - 785. What are the prime factors of y?
7, 37
What are the prime factors of (-5 - 289245/(-75))/((-2)/(-10))?
2, 9629
Let y(f) = -f**2 + 6*f - 22. Let z be y(7). Let d(k) = -68*k - 3. Let l be d(-2). Let a = z + l. List the prime factors of a.
2, 13
Let j be (-40262)/(-164) - 2*(-2)/(-8). Let d = 563 - j. What are the prime factors of d?
2, 3, 53
Suppose 4*l - 1334 - 490 = 0. Suppose 9*a = -1581 + l. Let z = 217 + a. What are the prime factors of z?
2, 23
Let s be 1 + (1 - 2)*-3. Let t be (6 - (7 - 2))/(1/s). Suppose -3*f - t*n = -469, 3*f - n - 463 = n. List the prime factors of f.
5, 31
Suppose -11*n - 121*n = -30*n - 1226142. What are the prime factors of n?
3, 4007
Let n = 115661 - 72675. List the prime factors of n.
2, 21493
Let q = -3259 + 21817. What are the prime factors of q?
2, 3, 1031
Suppose 17*m - 18*m - 2023 = 0. Let c = -1051 - m. List the prime factors of c.
2, 3
Let x(v) = -v**3 - 7*v**2 - 4*v + 24. Let p be x(-8). List the prime factors of (21/(-4))/(((-10)/p)/1).
3, 7
Let d = 107 + 1102. Let y be (-39)/(d/(-240) - -5). Suppose -12*w + y + 1612 = 0. What are the prime factors of w?
13, 17
What are the prime factors of 531536/64 - 90/40?
19, 23
Suppose 2*x - 2688 = -g, 96*x - 3*g = 94*x + 2672. List the prime factors of x.
2, 11, 61
What are the prime factors of (-566104)/112*8/(-2)?
2, 11, 919
Suppose 46 = -13*p + 787. Suppose -c - 4 = 2*v, -2*v = -2*c - 0*v - 32. Let x = c + p. List the prime factors of x.
3, 5
Let i(f) = f**3 - 11*f**2 - 15*f + 5. Let v be i(16). Suppose -4*h + l = -l - 824, -5*h = 5*l - v. Let g = -59 + h. List the prime factors of g.
2, 37
Let q(b) = 90*b**2 + 3*b + 1. Let l be (-183)/2*((-16)/(-6) - 2). Let i = l - -60. List the prime factors of q(i).
2, 11
Suppose 102*f - 537046 - 2661676 = -766124. What are the prime factors of f?
7, 3407
Suppose 55*o = 75*o - 140. What are the prime factors of (-5)/(-105)*o + (-3059)/(-3)?
2, 3, 5, 17
Let z(w) = -62*w**3 - 3*w**2 + 14*w + 28. What are the prime factors of z(-4)?
2, 7, 139
Let m = 1372 - 615. Let f = -428 + m. Suppose -f = -4*o - h, 80 = 2*o - o + h. What are the prime factors of o?
83
Let c(r) = 16*r**2 + 131*r + 52. List the prime factors of c(5).
3, 41
Let p = 388 + 397. Suppose -3*l = -c - p, 8*l - 516 = 6*l - 3*c. List the prime factors of l.
3, 29
Let b(i) = 34739*i**3 - i**2 + 45*i - 44. List the prime factors of b(1).
34739
List the prime factors of 2705/(((-576)/(-572))/(-16) - 2/(-13)).
5, 11, 541
Let q(r) = -18*r + 111. Let p = -392 + 392. What are the prime factors of q(p)?
3, 37
Suppose -57284 = 43*p - 362294 - 39764. What are the prime factors of p?
2, 19, 211
Let d(z) = -z**3 + 81*z**2 - 112*z - 435. What are the prime factors of d(78)?
3, 1009
Suppose -5*l + 23*y = 27*y - 746, -2*l + 296 = y. Suppose c = -55 + l. What are the prime factors of c?
7, 13
Let w be (-12)/(-9)*270/(-20). List the prime factors of 434/1 - (w + 16).
2, 109
Let t(y) = -y**2 + 13*y - 60. Let k be t(28). Let b = k + 702. What are the prime factors of b?
2, 3, 37
Let u = -15307 - -26128. List the prime factors of u.
3, 3607
Suppose 111 = 5*z + 51. What are the prime factors of (0 - 4)/(z/(-1503))?
3, 167
Suppose 15 = 19*z - 14*z. Suppose -17 + 5 = -z*f. List the prime factors of (-6)/9*(-49 + f).
2, 3, 5
What are the prime factors of 167783/11 + -6 + -12?
5, 11, 277
Let s(p) = -p**3 + 81*p**2 + 99*p